uppose 34*x - 20*x - 18886 = 0. What are the prime factors of x?
19, 71
Let k = 133 - 125. Suppose k*l - 6*l = 656. List the prime factors of l.
2, 41
Let s be (8/8)/((-1)/(-33)). Let o = -5 + s. List the prime factors of o.
2, 7
Suppose 122*q - 1062 = 116*q. List the prime factors of q.
3, 59
Let d = -804 + 2080. What are the prime factors of d?
2, 11, 29
Let v(c) be the first derivative of -3 - c + 2/3*c**3 - 5/4*c**4 + c**2. What are the prime factors of v(-2)?
43
Let m(p) = -18*p + 15. Let n(x) = -x + 1. Let l(i) = m(i) - 5*n(i). What are the prime factors of l(-5)?
3, 5
Suppose 50 - 18 = -4*k. What are the prime factors of (318/k)/(15/(-40))?
2, 53
What are the prime factors of (-2)/(1 + 1)*(42 - 565)?
523
Let s(y) = -3*y + 43. Let l be s(8). What are the prime factors of (l - 4)/(4/36)?
3, 5
Let j(i) = 37*i - 30. Let l be j(6). Suppose 6*q + l = 8*q. What are the prime factors of q?
2, 3
Suppose 158 = 4*t - 262. Suppose -5*u = -417 + 52. Let v = t - u. List the prime factors of v.
2
Suppose f + 2 = -5*o - 1, -o = -4*f + 51. Suppose -f = u - 52. What are the prime factors of u?
2, 5
Suppose 0*z + 4*n + 16 = -4*z, -z + 2*n + 5 = 0. What are the prime factors of (z + 2)*(148 - -28)?
2, 11
Let o(h) = -h**3 - 3*h**2 - 34*h + 3. What are the prime factors of o(-5)?
223
Suppose 2*b = 593 + 23. Suppose 0*q - b = -4*q. Let x = q + -29. List the prime factors of x.
2, 3
Let h(g) = g**2 - 1. Let o(s) = 3*s**2 - s + 4. Let j(x) = 5*h(x) + o(x). Let u = 43 + -41. List the prime factors of j(u).
29
Suppose -201 = -5*u + 324. Let q = u + -9. List the prime factors of q.
2, 3
Let s be ((-328)/32)/((-2)/88). List the prime factors of 2*(s/10 - 12/(-30)).
7, 13
Suppose 3*p = -p + 8, 0 = -4*l - 3*p + 10. What are the prime factors of l*(-6)/33 + 2580/33?
2, 3, 13
Let s(f) be the second derivative of f**5/20 - f**4/4 + f**3/6 + 3*f**2 - 3*f. Suppose 0 = 2*q + 2 - 8. List the prime factors of s(q).
3
Suppose 4*h - 8 = -12. Let i(a) = 31*a**2 + 1. List the prime factors of i(h).
2
Let u(a) = -a + 12. Let j be u(9). What are the prime factors of 94/(0 + 6/j)?
47
Let n(o) = -7*o - 25. Let c be n(-6). Let d = 62 - c. List the prime factors of d.
3, 5
What are the prime factors of (-32536)/70*(-5)/2?
2, 7, 83
What are the prime factors of 183/9*((-5)/1 + 161)?
2, 13, 61
Let d = -517 + 2174. List the prime factors of d.
1657
Let a be (2 - -2) + 3/(-1) + -215. Let z = 313 + a. List the prime factors of z.
3, 11
Let a(q) = -q**3 + q - 3. Let p be a(-7). Suppose 4*i - p = i. Suppose 5*d + 7*v - 187 = 4*v, 3*d + 3*v = i. List the prime factors of d.
2, 19
Let p = 18 + -45. Let g = -13 - p. Let v = -2 + g. What are the prime factors of v?
2, 3
Let d = -72 + 98. Suppose 5*l - d*l = -1554. List the prime factors of l.
2, 37
Let b(u) be the third derivative of -5*u**4/6 - 19*u**3/2 - 11*u**2. What are the prime factors of b(-12)?
3, 61
Let x(t) = 18*t**2 - t + 2. Let f(i) = 19*i**2 - 2*i + 3. Let j(d) = -2*f(d) + 3*x(d). Let c be j(-2). List the prime factors of 6/6 - -1*c.
3, 7
Let h(d) = -3 + 4 + 4 + d. Let y be h(7). Let n = -2 + y. What are the prime factors of n?
2, 5
Let c be -1*(1*-1 + 4). Let d(f) = 2*f - 1. Let p(x) = 9*x - 6. Let q(w) = 4*d(w) - p(w). List the prime factors of q(c).
5
Suppose -2*p = 2*a + 2*p - 58, 4*p - 108 = -4*a. Suppose -6*m + a = -m. Suppose 2*o + 6*v - 4*v - 30 = 0, 4*v = -m*o + 80. What are the prime factors of o?
2, 5
Suppose 4*j - 2*p - 7 = 29, -p - 10 = -j. Suppose j*a - 7*a - 70 = 0. List the prime factors of a.
2, 5, 7
Let h(x) be the second derivative of -2*x**3/3 - 3*x**2/2 + 14*x. Let s be 3/(-3*3/6). List the prime factors of h(s).
5
Let l(v) = 8*v + 10. Let r be l(-4). Let w = 27 + r. What are the prime factors of w?
5
Let v(j) = 0 + 4 - 3 - 7*j. What are the prime factors of v(-11)?
2, 3, 13
Let j = 0 + 2. Let m be j + (2 - (-3 - -2)). Suppose 5*n - 5*p - 50 = 0, -m*n - 3*p - 18 = -52. What are the prime factors of n?
2
Let h(u) = 55*u + 175. List the prime factors of h(48).
5, 563
What are the prime factors of (-6 - -5 - -1137)*1?
2, 71
Let v(d) = -d**3 - 3*d**2 - 3*d + 28. List the prime factors of v(-7).
5, 7
Suppose 0 = 65*n - 64*n + 153. Let v = n - -249. What are the prime factors of v?
2, 3
Suppose 3*n - 9 = -0. Suppose -n*p - k = -0*k - 42, 3*p - 3*k = 42. Suppose -p = 3*s - 59. What are the prime factors of s?
3, 5
Suppose -148 - 1446 = -2*t. Suppose 5*b - 4*z - 291 = t, 0 = -b - 3*z + 229. What are the prime factors of b?
2, 5, 11
Let w be (75/(-18))/(-5) - 1/(-6). What are the prime factors of 6/(24/692) + w?
2, 3, 29
Suppose -3*k = -5*u - 1585, -k + 4*u = -4*k + 1594. List the prime factors of k.
2, 5, 53
Let r = -154 + 57. Let b = r + 34. Let x = b + 90. What are the prime factors of x?
3
Let j be ((-28)/8)/7*-2. Suppose 3*n - j - 1 = 4*b, 0 = -3*n + 3*b + 3. Let k(d) = 16*d + 2. List the prime factors of k(n).
2, 17
Let b be 1/4 - 110/(-8). Let f be 2/5 + (-178)/(-5). Let u = f - b. List the prime factors of u.
2, 11
Let b(c) = 18*c + 1. Let l be b(-1). Let a be l/(-3) - (-1)/3. Suppose -g = -a - 9. What are the prime factors of g?
3, 5
Suppose 2*k - 16 = -2*k. Suppose 2*f + k + 0 = 0. List the prime factors of f/(-5) + 318/30.
11
Suppose 1014 + 723 = 3*r. What are the prime factors of r?
3, 193
Suppose 8*o - 630 = 3594. What are the prime factors of o?
2, 3, 11
Suppose -18*x + 84000 = 38*x. List the prime factors of x.
2, 3, 5
Let p(u) = 2*u**2 + 4*u - 1. Let x be p(4). Suppose l - 5*q - 46 = -3*l, -q - x = -5*l. What are the prime factors of (150/l)/((-4)/(-6))?
5
Let a be ((-4)/(-6))/(12/234). Suppose z - 12 + a = 0. List the prime factors of 7 + -5 - (z - 23).
2, 13
List the prime factors of 6 - (-2186 - 3) - 1.
2, 1097
Let u(i) = 598*i**2 - 6*i - 7. List the prime factors of u(-2).
3, 17, 47
Suppose 0 = -5*v + 4*y + 204, -v - 10*y + 56 = -7*y. Suppose 3*z + 5*n - 88 = 0, 5*n - 73 = -2*z - 16. Let d = v - z. List the prime factors of d.
13
Let d be 4/24 + (-6)/36. List the prime factors of d/(-4) - 24/(-1).
2, 3
Let o(t) = 882*t**2 - t + 1. Let l be o(1). Suppose 2*a - l = -a. What are the prime factors of a?
2, 3, 7
Let h(q) = 4*q + 19. Let p = -43 - -38. Let m be ((-2)/6)/(p/90). List the prime factors of h(m).
43
What are the prime factors of 3788 - (6 + 5) - 6?
3, 419
Suppose 5*s - 16759 = 2*x, 2*x + 66 = -s + 3413. What are the prime factors of s?
3, 1117
Suppose 327*v + 842 = 329*v. What are the prime factors of v?
421
Suppose 23 = -5*o + 43, 4*z - 8528 = 4*o. What are the prime factors of z?
2, 3, 89
List the prime factors of 1128 - 12*2/30*-5.
2, 283
Let g = -4154 - -6044. What are the prime factors of g?
2, 3, 5, 7
Suppose -5*b - 14 = 16. Let y(f) = -8*f + 7. Let s be y(b). What are the prime factors of (-4)/10 + 3157/s?
3, 19
Suppose q - 2*y = 2, 2*q - 11 = -0*q - 3*y. Let d be (q/(-2))/(14/(-63)). What are the prime factors of 940/18 + (-2)/d?
2, 13
Suppose -12*h - 10128 = -0*h. What are the prime factors of h/(-6) + 18/54?
3, 47
Let n(t) be the third derivative of 1/3*t**3 + 0*t - 1/6*t**4 + 4*t**2 + 0 + 1/15*t**5. List the prime factors of n(2).
2, 5
Let p be 501 + 3 + (-5 - -2). Suppose -4*c + 0*c = 5*b - p, c = -1. What are the prime factors of b?
101
Let n(l) be the third derivative of 21*l**4/4 + l**3/2 - 4*l**2. List the prime factors of n(1).
3, 43
Let d(f) = -19*f - 3. Suppose -v - 4*v = -15. Let j be d(v). Let q = -43 - j. What are the prime factors of q?
17
Suppose -4*n - 15457 = -5*y, -5*y + 600 + 14861 = -2*n. What are the prime factors of y?
3, 1031
Let i = 5442 + -2878. What are the prime factors of i?
2, 641
Suppose 5*o + 3981 = 5*z - 4664, 5*z = -o + 8627. What are the prime factors of z?
2, 863
Let d = 0 - -4. Let p(i) = i**3 + 0*i + d*i + 9*i**2 - 6 + 14. What are the prime factors of p(-8)?
2, 5
What are the prime factors of (24 + 22)*26/2?
2, 13, 23
Let d be (-6)/8 - 300/(-16). List the prime factors of d*2/1 + -2.
2, 17
Suppose 0 = 6*t - 4*t - 20. Let m(g) = -4*g + 31 + g**2 - 66 + 25. List the prime factors of m(t).
2, 5
Let x be 0 + 8 + -4 - -198. Let g = x - 143. What are the prime factors of g?
59
Let s(x) = -6*x - 1. Let t(c) = -18*c - 4. Let u(a) = -17*s(a) + 6*t(a). Let q = -11 - -5. What are the prime factors of u(q)?
29
Suppose -2*r - 20 = -5*u - 5*r, -5*u = 4*r -